{"id":203,"date":"2022-12-03T14:07:39","date_gmt":"2022-12-03T13:07:39","guid":{"rendered":"http:\/\/inovacier.com\/?page_id=203"},"modified":"2022-12-03T14:07:39","modified_gmt":"2022-12-03T13:07:39","slug":"mentions-legales","status":"publish","type":"page","link":"https:\/\/inovacier.com\/index.php\/mentions-legales\/","title":{"rendered":"Mentions l\u00e9gales"},"content":{"rendered":"\n<p><strong>SARL INOVACIER <\/strong><\/p>\n\n\n\n<p>6 rue Etienne Dolet 21000 Dijon<\/p>\n\n\n\n<p>Capital social : 10 000\u20ac <\/p>\n\n\n\n<p>Num\u00e9ro RCS : Dijon B 528\u00a0388\u00a0382<\/p>\n\n\n\n<p><\/p>\n\n\n\n<p>Site h\u00e9berg\u00e9 par <strong>OVH SAS<\/strong>, filiale de la soci\u00e9t\u00e9 OVH Groupe SA, soci\u00e9t\u00e9 immatricul\u00e9e au RCS de Lille sous le num\u00e9ro 537 407 926 sise 2, rue Kellermann, 59100 Roubaix<\/p>\n","protected":false},"excerpt":{"rendered":"<p>SARL INOVACIER 6 rue Etienne Dolet 21000 Dijon Capital social : 10 000\u20ac Num\u00e9ro RCS : Dijon B 528\u00a0388\u00a0382 Site h\u00e9berg\u00e9 par OVH SAS, filiale de la soci\u00e9t\u00e9 OVH Groupe SA, soci\u00e9t\u00e9 immatricul\u00e9e au RCS de Lille sous le num\u00e9ro 537 407 926 sise 2, rue Kellermann, 59100 Roubaix<\/p>\n","protected":false},"author":1,"featured_media":0,"parent":0,"menu_order":0,"comment_status":"closed","ping_status":"closed","template":"","meta":{"footnotes":""},"class_list":["post-203","page","type-page","status-publish","hentry"],"_links":{"self":[{"href":"https:\/\/inovacier.com\/index.php\/wp-json\/wp\/v2\/pages\/203","targetHints":{"allow":["GET"]}}],"collection":[{"href":"https:\/\/inovacier.com\/index.php\/wp-json\/wp\/v2\/pages"}],"about":[{"href":"https:\/\/inovacier.com\/index.php\/wp-json\/wp\/v2\/types\/page"}],"author":[{"embeddable":true,"href":"https:\/\/inovacier.com\/index.php\/wp-json\/wp\/v2\/users\/1"}],"replies":[{"embeddable":true,"href":"https:\/\/inovacier.com\/index.php\/wp-json\/wp\/v2\/comments?post=203"}],"version-history":[{"count":1,"href":"https:\/\/inovacier.com\/index.php\/wp-json\/wp\/v2\/pages\/203\/revisions"}],"predecessor-version":[{"id":204,"href":"https:\/\/inovacier.com\/index.php\/wp-json\/wp\/v2\/pages\/203\/revisions\/204"}],"wp:attachment":[{"href":"https:\/\/inovacier.com\/index.php\/wp-json\/wp\/v2\/media?parent=203"}],"curies":[{"name":"wp","href":"https:\/\/api.w.org\/{rel}","templated":true}]}}