{"id":118,"date":"2022-10-26T14:29:52","date_gmt":"2022-10-26T12:29:52","guid":{"rendered":"https:\/\/inovacier.com\/?page_id=118"},"modified":"2022-11-11T15:15:01","modified_gmt":"2022-11-11T14:15:01","slug":"notre-savoir-faire","status":"publish","type":"page","link":"https:\/\/inovacier.com\/index.php\/notre-savoir-faire\/","title":{"rendered":"Notre savoir faire"},"content":{"rendered":"\n<p class=\"has-medium-font-size\">R\u00e9alisation d&rsquo;escaliers m\u00e9talliques, portails, pliage \u00e0 fa\u00e7on, aluminium, acier et inox, pour la restauration, la viticulture, l&rsquo;agriculture &#8230; <\/p>\n\n\n\n<p><\/p>\n\n\n\n<figure class=\"wp-block-image size-large\"><img loading=\"lazy\" decoding=\"async\" width=\"683\" height=\"1024\" src=\"http:\/\/inovacier.com\/wp-content\/uploads\/2022\/10\/IMG_4830-683x1024.jpg\" alt=\"\" class=\"wp-image-57\" srcset=\"https:\/\/inovacier.com\/wp-content\/uploads\/2022\/10\/IMG_4830-683x1024.jpg 683w, https:\/\/inovacier.com\/wp-content\/uploads\/2022\/10\/IMG_4830-200x300.jpg 200w, https:\/\/inovacier.com\/wp-content\/uploads\/2022\/10\/IMG_4830-768x1152.jpg 768w, https:\/\/inovacier.com\/wp-content\/uploads\/2022\/10\/IMG_4830-1024x1536.jpg 1024w, https:\/\/inovacier.com\/wp-content\/uploads\/2022\/10\/IMG_4830-1365x2048.jpg 1365w, https:\/\/inovacier.com\/wp-content\/uploads\/2022\/10\/IMG_4830-685x1028.jpg 685w, https:\/\/inovacier.com\/wp-content\/uploads\/2022\/10\/IMG_4830-2000x3000.jpg 2000w, https:\/\/inovacier.com\/wp-content\/uploads\/2022\/10\/IMG_4830-scaled.jpg 1707w\" sizes=\"auto, (max-width: 683px) 100vw, 683px\" \/><\/figure>\n\n\n\n<p class=\"has-large-font-size\">Texte <\/p>\n\n\n\n<figure class=\"wp-block-image size-large\"><img loading=\"lazy\" decoding=\"async\" width=\"768\" height=\"1024\" src=\"http:\/\/inovacier.com\/wp-content\/uploads\/2022\/10\/ERAX8587-768x1024.jpg\" alt=\"\" class=\"wp-image-38\" srcset=\"https:\/\/inovacier.com\/wp-content\/uploads\/2022\/10\/ERAX8587-768x1024.jpg 768w, https:\/\/inovacier.com\/wp-content\/uploads\/2022\/10\/ERAX8587-225x300.jpg 225w, https:\/\/inovacier.com\/wp-content\/uploads\/2022\/10\/ERAX8587-685x913.jpg 685w, https:\/\/inovacier.com\/wp-content\/uploads\/2022\/10\/ERAX8587.jpg 777w\" sizes=\"auto, (max-width: 768px) 100vw, 768px\" \/><\/figure>\n\n\n\n<p class=\"has-large-font-size\">Mais aussi &#8230; <\/p>\n\n\n\n<figure class=\"wp-block-image size-large\"><img loading=\"lazy\" decoding=\"async\" width=\"768\" height=\"1024\" src=\"http:\/\/inovacier.com\/wp-content\/uploads\/2022\/10\/YHIK4965-768x1024.jpg\" alt=\"\" class=\"wp-image-85\" srcset=\"https:\/\/inovacier.com\/wp-content\/uploads\/2022\/10\/YHIK4965-768x1024.jpg 768w, https:\/\/inovacier.com\/wp-content\/uploads\/2022\/10\/YHIK4965-225x300.jpg 225w, https:\/\/inovacier.com\/wp-content\/uploads\/2022\/10\/YHIK4965-1152x1536.jpg 1152w, https:\/\/inovacier.com\/wp-content\/uploads\/2022\/10\/YHIK4965-685x913.jpg 685w, https:\/\/inovacier.com\/wp-content\/uploads\/2022\/10\/YHIK4965.jpg 1536w\" sizes=\"auto, (max-width: 768px) 100vw, 768px\" \/><\/figure>\n","protected":false},"excerpt":{"rendered":"<p>R\u00e9alisation d&rsquo;escaliers m\u00e9talliques, portails, pliage \u00e0 fa\u00e7on, aluminium, acier et inox, pour la restauration, la viticulture, l&rsquo;agriculture &#8230; Texte Mais aussi &#8230;<\/p>\n","protected":false},"author":1,"featured_media":0,"parent":0,"menu_order":0,"comment_status":"closed","ping_status":"closed","template":"","meta":{"footnotes":""},"class_list":["post-118","page","type-page","status-publish","hentry"],"_links":{"self":[{"href":"https:\/\/inovacier.com\/index.php\/wp-json\/wp\/v2\/pages\/118","targetHints":{"allow":["GET"]}}],"collection":[{"href":"https:\/\/inovacier.com\/index.php\/wp-json\/wp\/v2\/pages"}],"about":[{"href":"https:\/\/inovacier.com\/index.php\/wp-json\/wp\/v2\/types\/page"}],"author":[{"embeddable":true,"href":"https:\/\/inovacier.com\/index.php\/wp-json\/wp\/v2\/users\/1"}],"replies":[{"embeddable":true,"href":"https:\/\/inovacier.com\/index.php\/wp-json\/wp\/v2\/comments?post=118"}],"version-history":[{"count":5,"href":"https:\/\/inovacier.com\/index.php\/wp-json\/wp\/v2\/pages\/118\/revisions"}],"predecessor-version":[{"id":198,"href":"https:\/\/inovacier.com\/index.php\/wp-json\/wp\/v2\/pages\/118\/revisions\/198"}],"wp:attachment":[{"href":"https:\/\/inovacier.com\/index.php\/wp-json\/wp\/v2\/media?parent=118"}],"curies":[{"name":"wp","href":"https:\/\/api.w.org\/{rel}","templated":true}]}}